er when 272 is divided by 25?
22
What is the remainder when 109 is divided by 56?
53
What is the remainder when 301 is divided by 8?
5
What is the remainder when 1686 is divided by 272?
54
What is the remainder when 285 is divided by 32?
29
Calculate the remainder when 2945 is divided by 11.
8
What is the remainder when 219 is divided by 37?
34
What is the remainder when 745 is divided by 68?
65
Calculate the remainder when 258 is divided by 24.
18
What is the remainder when 22719 is divided by 80?
79
What is the remainder when 1949 is divided by 15?
14
Calculate the remainder when 456 is divided by 104.
40
What is the remainder when 784 is divided by 259?
7
Calculate the remainder when 418 is divided by 105.
103
What is the remainder when 1424 is divided by 41?
30
Calculate the remainder when 581 is divided by 9.
5
Calculate the remainder when 693 is divided by 64.
53
Calculate the remainder when 2838 is divided by 7.
3
What is the remainder when 72574 is divided by 126?
124
Calculate the remainder when 47 is divided by 18.
11
What is the remainder when 50 is divided by 9?
5
What is the remainder when 964 is divided by 46?
44
Calculate the remainder when 321 is divided by 15.
6
Calculate the remainder when 9957 is divided by 166.
163
Calculate the remainder when 338 is divided by 168.
2
What is the remainder when 450 is divided by 4?
2
What is the remainder when 9621 is divided by 175?
171
Calculate the remainder when 323 is divided by 27.
26
Calculate the remainder when 451 is divided by 112.
3
Calculate the remainder when 798 is divided by 90.
78
Calculate the remainder when 508 is divided by 90.
58
What is the remainder when 786 is divided by 32?
18
What is the remainder when 885 is divided by 27?
21
What is the remainder when 55 is divided by 20?
15
What is the remainder when 74 is divided by 24?
2
Calculate the remainder when 43 is divided by 4.
3
What is the remainder when 305 is divided by 296?
9
Calculate the remainder when 70855 is divided by 68.
67
Calculate the remainder when 32 is divided by 31.
1
What is the remainder when 530 is divided by 193?
144
What is the remainder when 394 is divided by 107?
73
Calculate the remainder when 261 is divided by 53.
49
What is the remainder when 152 is divided by 16?
8
Calculate the remainder when 3063 is divided by 226.
125
What is the remainder when 3443 is divided by 82?
81
Calculate the remainder when 119 is divided by 44.
31
What is the remainder when 1784 is divided by 119?
118
What is the remainder when 218 is divided by 4?
2
Calculate the remainder when 1237 is divided by 62.
59
Calculate the remainder when 214 is divided by 99.
16
Calculate the remainder when 751 is divided by 86.
63
What is the remainder when 515 is divided by 141?
92
Calculate the remainder when 569 is divided by 145.
134
What is the remainder when 417 is divided by 10?
7
What is the remainder when 301 is divided by 28?
21
Calculate the remainder when 54 is divided by 25.
4
What is the remainder when 3059 is divided by 90?
89
What is the remainder when 300 is divided by 153?
147
What is the remainder when 665 is divided by 6?
5
What is the remainder when 1703 is divided by 42?
23
What is the remainder when 5092 is divided by 18?
16
Calculate the remainder when 511 is divided by 32.
31
What is the remainder when 100 is divided by 29?
13
Calculate the remainder when 790 is divided by 53.
48
What is the remainder when 340 is divided by 153?
34
What is the remainder when 1062 is divided by 32?
6
What is the remainder when 369 is divided by 53?
51
What is the remainder when 276 is divided by 20?
16
What is the remainder when 27262 is divided by 41?
38
What is the remainder when 260 is divided by 25?
10
What is the remainder when 817 is divided by 13?
11
Calculate the remainder when 286 is divided by 19.
1
What is the remainder when 864 is divided by 8?
0
Calculate the remainder when 145 is divided by 115.
30
Calculate the remainder when 156 is divided by 25.
6
What is the remainder when 259 is divided by 28?
7
Calculate the remainder when 353 is divided by 95.
68
Calculate the remainder when 1466 is divided by 10.
6
Calculate the remainder when 123 is divided by 40.
3
Calculate the remainder when 685 is divided by 168.
13
Calculate the remainder when 145 is divided by 80.
65
What is the remainder when 415 is divided by 68?
7
Calculate the remainder when 4285 is divided by 74.
67
What is the remainder when 767 is divided by 20?
7
What is the remainder when 273 is divided by 74?
51
Calculate the remainder when 268 is divided by 11.
4
What is the remainder when 1211 is divided by 81?
77
What is the remainder when 16846 is divided by 12?
10
What is the remainder when 491 is divided by 98?
1
Calculate the remainder when 139 is divided by 25.
14
Calculate the remainder when 62 is divided by 11.
7
What is the remainder when 760 is divided by 78?
58
Calculate the remainder when 7808 is divided by 142.
140
What is the remainder when 2921 is divided by 68?
65
Calculate the remainder when 835 is divided by 44.
43
What is the remainder when 83 is divided by 14?
13
What is the remainder when 640 is divided by 15?
10
Calculate the remainder when 1396 is divided by 25.
21
What is the remainder when 302 is divided by 89?
35
What is the remainder when 29 is divided by 5?
4
What is the remainder when 3455 is divided by 133?
130
Calculate the remainder when 492 is divided by 55.
52
What is the remainder when 80 is divided by 23?
11
What is the remainder when 1631 is divided by 51?
50
What is the remainder when 311 is divided by 79?
74
Calculate the remainder when 176 is divided by 45.
41
What is the remainder when 504 is divided by 85?
79
Calculate the remainder when 337 is divided by 58.
47
Calculate the remainder when 166 is divided by 29.
21
Calculate the remainder when 2027 is divided by 58.
55
Calculate the remainder when 152 is divided by 62.
28
What is the remainder when 1919 is divided by 493?
440
Calculate the remainder when 206 is divided by 97.
12
What is the remainder when 153 is divided by 56?
41
Calculate the remainder when 9205 is divided by 279.
277
What is the remainder when 687 is divided by 43?
42
Calculate the remainder when 186 is divided by 99.
87
Calculate the remainder when 339 is divided by 89.
72
Calculate the remainder when 173 is divided by 92.
81
What is the remainder when 26941 is divided by 19?
18
Calculate the remainder when 1546 is divided by 9.
7
Calculate the remainder when 661 is divided by 51.
49
Calculate the remainder when 118 is divided by 70.
48
What is the remainder when 7367 is divided by 8?
7
What is the remainder when 495 is divided by 253?
242
What is the remainder when 574 is divided by 17?
13
What is the remainder when 538 is divided by 49?
48
Calculate the remainder when 324 is divided by 28.
16
What is the remainder when 291 is divided by 14?
11
Calculate the remainder when 9085 is divided by 14.
13
Calculate the remainder when 8196 is divided by 40.
36
What is the remainder when 132 is divided by 42?
6
Calculate the remainder when 9401 is divided by 3.
2
What is the remainder when 2821 is divided by 563?
6
Calculate the remainder when 1026 is divided by 49.
46
What is the remainder when 1855 is divided by 69?
61
What is the remainder when 286 is divided by 284?
2
What is the remainder when 147 is divided by 37?
36
Calculate the remainder when 57 is divided by 27.
3
Calculate the remainder when 61 is divided by 35.
26
What is the remainder when 218 is divided by 31?
1
Calculate the remainder when 878 is divided by 80.
78
Calculate the remainder when 1002 is divided by 198.
12
What is the remainder when 113 is divided by 23?
21
Calculate the remainder when 439 is divided by 34.
31
What is the remainder when 419 is divided by 70?
69
Calculate the remainder when 1852 is divided by 29.
25
Calculate the remainder when 518 is divided by 304.
214
Calculate the remainder when 374 is divided by 19.
13
What is the remainder when 78 is divided by 19?
2
Calculate the remainder when 281 is divided by 73.
62
What is the remainder when 1461 is divided by 86?
85
Calculate the remainder when 303 is divided by 39.
30
What is the remainder when 90 is divided by 24?
18
Calculate the remainder when 2392 is 